t is -3 + 355?
352
In base 15, what is 9 + 40?
49
In base 14, what is 2 + -200?
-1dc
In base 13, what is 98a + 1?
98b
In base 9, what is 583 + -22?
561
In base 4, what is -123 - 112?
-301
In base 11, what is -2 + -241?
-243
In base 7, what is 111 - 30?
51
In base 12, what is -724 + 2?
-722
In base 11, what is -486 + -4?
-48a
In base 5, what is -1221 + 3?
-1213
In base 11, what is 197 + 0?
197
In base 9, what is 5 + -335?
-330
In base 5, what is -232 - -214?
-13
In base 14, what is 274 + 3?
277
In base 9, what is 16 + 2?
18
In base 13, what is -946 + 0?
-946
In base 12, what is 1457 + 5?
1460
In base 15, what is 13 - 4?
e
In base 2, what is -100 - -110111?
110011
In base 6, what is -210 - -35?
-131
In base 8, what is 101 + -5?
74
In base 8, what is 345 + 5?
352
In base 3, what is 10201 + 1?
10202
In base 9, what is -5 - 3681?
-3686
In base 4, what is -11 - -1231?
1220
In base 13, what is -19 + 6?
-13
In base 2, what is 0 + 110011?
110011
In base 7, what is 544 + -1?
543
In base 2, what is 1 - -110100111?
110101000
In base 14, what is -272 + -5?
-277
In base 4, what is 10 - -1003?
1013
In base 10, what is -12 + 0?
-12
In base 10, what is 1713 + -4?
1709
In base 10, what is 0 - 24?
-24
In base 16, what is -1f1d - -1?
-1f1c
In base 16, what is 2 + -1e?
-1c
In base 6, what is 0 - -14?
14
In base 3, what is 12 + -11010?
-10221
In base 3, what is -11 + -2000001?
-2000012
In base 2, what is -10010 - 100?
-10110
In base 5, what is 2 + 131304?
131311
In base 2, what is 10011000 - 0?
10011000
In base 11, what is 1069 + 2?
1070
In base 6, what is -3025 - -1?
-3024
In base 11, what is 293 + -7?
287
In base 14, what is 4b + -82?
-35
In base 15, what is -296d - -1?
-296c
In base 9, what is 44 + 16?
61
In base 15, what is 3 - 1d?
-1a
In base 10, what is 20 - 28?
-8
In base 3, what is -12 + 1001220?
1001201
In base 8, what is -351 + -3?
-354
In base 15, what is -2b + -9e?
-ca
In base 16, what is 1 + 1ff?
200
In base 6, what is -4 + -412?
-420
In base 7, what is -33225 - 0?
-33225
In base 10, what is -178 + -4?
-182
In base 15, what is 54c - 2?
54a
In base 12, what is -8 + -29?
-35
In base 11, what is 31a - -5?
324
In base 9, what is 0 + 784?
784
In base 6, what is -2 + -434?
-440
In base 4, what is 22321 - 0?
22321
In base 12, what is -4 - -25a0?
2598
In base 2, what is 101 + 101000?
101101
In base 13, what is -4 - -1247?
1243
In base 9, what is 2766 + 4?
2771
In base 13, what is -1316 - -4?
-1312
In base 10, what is -5 + -328?
-333
In base 2, what is -11 + -10100000011?
-10100000110
In base 12, what is 1b + -4?
17
In base 12, what is -11 + 34?
23
In base 12, what is -1 - -92?
91
In base 7, what is 311 + -5?
303
In base 15, what is -2 + -9c?
-9e
In base 11, what is -645 - -3?
-642
In base 14, what is 2 + 13b4?
13b6
In base 14, what is -a5 + 5?
-a0
In base 5, what is -234 + 202?
-32
In base 8, what is -102 + 2?
-100
In base 3, what is 12 - 10100?
-10011
In base 14, what is -9 - -1a?
11
In base 3, what is -100 - -10210?
10110
In base 12, what is 89 - -4b?
118
In base 3, what is 11 - -101011?
101022
In base 7, what is 205 - -1?
206
In base 6, what is 2 + -3032?
-3030
In base 15, what is 4841 + -5?
483b
In base 8, what is 145 + -74?
51
In base 6, what is -144 + 10?
-134
In base 7, what is 0 - 61?
-61
In base 12, what is 12 + 1ab?
201
In base 2, what is 111 + -101111?
-101000
In base 4, what is 1131120 - -11?
1131131
In base 16, what is -22 - 1?
-23
In base 8, what is -1 - -37?
36
In base 6, what is -301 + -4?
-305
In base 15, what is 0 - -47a?
47a
In base 4, what is 101001 - -1?
101002
In base 4, what is 3 + 102?
111
In base 4, what is -1320 - 0?
-1320
In base 10, what is -984 - -13?
-971
In base 12, what is -18a88 - 5?
-18a91
In base 13, what is 14 - 44?
-30
In base 16, what is -647 + -2?
-649
In base 5, what is 200423 - -2?
200430
In base 5, what is -2201 - -20?
-2131
In base 14, what is c + 58?
66
In base 10, what is -12 + 5?
-7
In base 13, what is -508 + 8?
-500
In base 11, what is 7a - 1?
79
In base 5, what is 2 + -104?
-102
In base 12, what is 1 - -3248?
3249
In base 2, what is -100110111 + 0?
-100110111
In base 3, what is 0 - 1020110?
-1020110
In base 9, what is 2 - 123?
-121
In base 13, what is 3 + -218?
-215
In base 16, what is -29b6 + 5?
-29b1
In base 10, what is 2 - 45?
-43
In base 15, what is 4 - 8e7?
-8e3
In base 11, what is -56 + -27?
-82
In base 16, what is 161 + -1b?
146
In base 16, what is -da + 28?
-b2
In base 11, what is 420 - 2?
419
In base 8, what is 0 - 44?
-44
In base 7, what is 2 - -4034?
4036
In base 10, what is 0 + -235?
-235
In base 7, what is -2 - 24?
-26
In base 16, what is 7 - 1?
6
In base 3, what is -201 + -11221?
-12122
In base 3, what is 2 + 11011?
11020
In base 2, what is -1010 - 1011?
-10101
In base 16, what is 4 - 20?
-1c
In base 4, what is 1103332 + -3?
1103323
In base 6, what is -2015 - -21?
-1554
In base 9, what is 3 + -526?
-523
In base 8, what is -3 - -2315?
2312
In base 13, what is -a + -14?
-21
In base 9, what is 232 + 1?
233
In base 8, what is -2 + 1614?
1612
In base 14, what is 2 - 5a9?
-5a7
In base 16, what is 1cc1 + -5?
1cbc
In base 6, what is -30 + 104?
34
In base 13, what is 1469 + -5?
1464
In base 11, what is 86 + 11?
97
In base 2, what is -10010110110 + 11100?
-10010011010
In base 5, what is 4 + -321?
-312
In base 14, what is 16dd + 0?
16dd
In base 7, what is -5231 + 1?
-5230
In base 3, what is -1 + -100?
-101
In base 13, what is 5c - 5?
57
In base 16, what is -3 + -90?
-93
In base 6, what is 0 - -51?
51
In base 13, what is -5 + -32b?
-333
In base 11, what is a - 5?
5
In base 6, what is 22 - -335?
401
In base 7, what is 0 + -101?
-101
In base 12, what is 1 - -1a9?
1aa
In base 6, what is -142 + 3?
-135
In base 4, what is 31 + 1?
32
In base 7, what is -2 - 503?
-505
In base 14, what is 4 - 12?
-c
In base 4, what is 220 + -1012?
-132
In base 3, what is 1120022 + -11?
1120011
In base 2, what is 1 - -10100000011?
10100000100
In base 16, what is 194 - -3?
197
In base 3, what is 12 - -20010?
20022
In base 9, what is 1 + 60?
61
In base 12, what is -19 + -24?
-41
In base 7, what is 6 - -1524?
1533
In base 15, what is 36 - -5?
3b
In base 16, what is c71 - -2?
c73
In base 2, what is 10000 + 10001?
100001
In base 5, what is 4 + -332?
-323
In base 15, what is 3 + -41?
-3d
In base 9, what is 6 + -12?
-5
In base 15, what is -33 - -11?
-22
In base 7, what is 0 + -41?
-41
In base 4, what is -33 - 223?
-322
In base 13, what is 76 - -4?
7a
In base 2, what is 11011 - 11001?
10
In base 2, what is -1001 - 1?
-1010
In base 8, what is -126 - -11?
-115
In base 13, what is -15 + -3?
-18
In base 16, what is -71 + 11?
-60
In base 11, what is -1 - -1598?
1597
In base 8, what is 0 - 62?
-62
In base 12, what is 2 + -299b?
-2999
In base 9, what is 3 + -153?
-150
In base 6, what is 3 - 45?
-42
In base 15, what is -5 - -768?
763
In base 9, what is 10 - 13?
-3
In base 15, what is 401 + -4?
3ec
In base 14, what is -57 - -9?
-4c
In base 16, what is 3 + 65?
68
In base 11, what is 8 + -aa?
-a2
In base 3, what is 112221 + 1?
112222
In base 8, what is -254 + 0?
-254
In base 4, what is 110 + -12100?
-11330
In base 4, what is -300 - -1002?
102
In base 2, what is 1110 + -100?
1010
In base 4, what is 11002 + -20?
10322
In base 5, what is -31 + 221?
140
In base 7, what is -602 - 0?
-602
In base 5, what is 10 - -242?
302
In base 16, what is -70 - -b?
-65
In base 7, what is -1 + -1032?
-1033
In base 14, what is -15 + 34?
1d
In base 12, what is 5 - 8?
-3
In base 15, what is 170 - -2?
172
In base 16, what is 99 + 3?
9c
In base 14, what is -202 + 1?
-201
In base 16, what is 4 + -3f?
-3b
In base 15, what is 3 - -4d?
51
In base 11, what is -603 - -2?
-601
In base 3, what is -2 - 1122?
-1201
In base 9, what is -3 - -362?
358
In base 14, what is 3 - -306?
309
In base 14, what is -5 - -2350?
2349
In base 16, what is -1 + -20?
-21
In base 13, what is 17 - 2?
15
In base 5, what is 3410 - -10?
3420
In base 7, what is -1013 + 5?
-1005
In base 16, what is 3 - -82?
85
In base 9, what is 2 + -760?
-757
In base 4, what is -2021 - -201?
-1220
In base 5, what is 234 + -3?
231
In base 10, what is 11 + 8?
19
In base 7, what is 4 - -4?
11
In base 13, what is -606 + -1?
-607
In base 9, what is -482 - 3?
-485
In base 12, what is b + 6?
15
In base 15, what is -127 - -4?
-123
In b